tors of 1027914054.
2, 3, 43, 1069, 3727
List the prime factors of 253532746.
2, 126766373
List the prime factors of 3900665133.
3, 144469079
List the prime factors of 4059869795.
5, 811973959
What are the prime factors of 275238579?
3, 7, 11, 19, 5701
What are the prime factors of 78321766?
2, 6217, 6299
What are the prime factors of 1211367798?
2, 3, 173, 43223
What are the prime factors of 1036447451?
13, 499, 159773
List the prime factors of 408297606.
2, 3, 68049601
What are the prime factors of 204177440?
2, 5, 23, 113, 491
List the prime factors of 92789440.
2, 5, 289967
List the prime factors of 44630541.
3, 163, 10141
What are the prime factors of 72855916?
2, 7, 2601997
List the prime factors of 21781535.
5, 4356307
What are the prime factors of 93551364?
2, 3, 19, 233, 587
What are the prime factors of 2102480995?
5, 7547, 55717
What are the prime factors of 1251057583?
1251057583
What are the prime factors of 794311103?
149, 5330947
List the prime factors of 34434789.
3, 53, 216571
List the prime factors of 18709964.
2, 7, 13, 1049
What are the prime factors of 6041573870?
2, 5, 604157387
What are the prime factors of 16859821?
11, 19, 80669
List the prime factors of 40285214.
2, 3511, 5737
List the prime factors of 15324246.
2, 3, 7, 121621
What are the prime factors of 368357473?
11, 53, 59, 10709
List the prime factors of 76061035.
5, 919, 16553
List the prime factors of 87573601.
71, 1233431
What are the prime factors of 150276139?
13, 11559703
List the prime factors of 32353325.
5, 887, 1459
What are the prime factors of 373534585?
5, 19, 3931943
List the prime factors of 70239263.
23, 3053881
What are the prime factors of 225621531?
3, 2785451
List the prime factors of 1785824512.
2, 23, 303299
List the prime factors of 498414696.
2, 3, 13, 41, 47, 829
What are the prime factors of 474041814?
2, 3, 349, 226381
What are the prime factors of 1781408554?
2, 11587, 76871
What are the prime factors of 240254116?
2, 3701, 16229
What are the prime factors of 82584727?
491, 168197
What are the prime factors of 278903692?
2, 69725923
What are the prime factors of 2087077389?
3, 37, 18802499
What are the prime factors of 38542487?
67, 575261
What are the prime factors of 403946960?
2, 5, 73, 263
List the prime factors of 1544686.
2, 11, 13, 491
List the prime factors of 286216050.
2, 3, 5, 541, 3527
List the prime factors of 78996428.
2, 7, 403043
List the prime factors of 2396712.
2, 3, 37, 2699
List the prime factors of 103955660.
2, 5, 5197783
List the prime factors of 169622886.
2, 3, 31, 911951
What are the prime factors of 199779980?
2, 5, 2699, 3701
List the prime factors of 665325449.
251, 2650699
What are the prime factors of 425910756?
2, 3, 53, 127, 5273
What are the prime factors of 25702146?
2, 3, 1427897
List the prime factors of 2068121758.
2, 26987, 38317
List the prime factors of 1600015010.
2, 5, 11, 17, 23, 37201
What are the prime factors of 43223358?
2, 3, 173, 41641
What are the prime factors of 434073711?
3, 29, 4989353
What are the prime factors of 341014506?
2, 3, 7, 739, 10987
List the prime factors of 3705063770.
2, 5, 89, 4162993
List the prime factors of 12202588.
2, 271, 11257
List the prime factors of 421567967.
71, 5937577
List the prime factors of 23440541.
163, 143807
What are the prime factors of 1167807267?
3, 11, 23, 170957
List the prime factors of 4160055043.
4160055043
What are the prime factors of 266396130?
2, 3, 5, 7, 11, 13, 2957
List the prime factors of 91322303.
19, 4806437
What are the prime factors of 494450100?
2, 3, 5, 17, 1901
List the prime factors of 474233112.
2, 3, 73, 90227
List the prime factors of 61409754.
2, 3, 7, 149, 3271
List the prime factors of 1642845172.
2, 13171, 31183
What are the prime factors of 5241616079?
7, 113, 6626569
What are the prime factors of 257815995?
3, 5, 31, 41, 13523
What are the prime factors of 17498963?
17498963
What are the prime factors of 643650221?
643650221
List the prime factors of 45934558.
2, 2237, 10267
List the prime factors of 269648419.
821, 328439
List the prime factors of 1775448509.
1775448509
List the prime factors of 4116748575.
3, 5, 37, 1021, 1453
What are the prime factors of 128529502?
2, 919, 69929
List the prime factors of 84117519.
3, 53, 176347
What are the prime factors of 1754232546?
2, 3, 11, 26579281
What are the prime factors of 55979383?
55979383
List the prime factors of 1419413383.
18427, 77029
What are the prime factors of 6962274?
2, 3, 11, 3907
What are the prime factors of 127564574?
2, 43, 1483309
List the prime factors of 2332397.
2332397
List the prime factors of 45443632.
2, 13, 218479
What are the prime factors of 984234?
2, 3, 164039
What are the prime factors of 26311620?
2, 3, 5, 438527
List the prime factors of 4414383194.
2, 13, 113, 227, 6619
What are the prime factors of 9061799177?
9061799177
What are the prime factors of 9676323?
3, 1075147
What are the prime factors of 65138791?
41, 1588751
What are the prime factors of 27482791?
7, 3926113
What are the prime factors of 499094223?
3, 19, 8756039
List the prime factors of 93900881.
23, 1427, 2861
What are the prime factors of 76002154?
2, 38001077
What are the prime factors of 1563053332?
2, 41, 139, 68567
List the prime factors of 1625845904.
2, 2633, 38593
List the prime factors of 4822965455.
5, 7, 11, 12527183
List the prime factors of 22924760.
2, 5, 573119
What are the prime factors of 10997932?
2, 11, 31, 733
What are the prime factors of 5694129709?
127, 131, 342257
List the prime factors of 404609471.
7, 57801353
What are the prime factors of 170331813?
3, 23, 757, 1087
List the prime factors of 719975069.
11, 65452279
What are the prime factors of 132765551?
2141, 62011
What are the prime factors of 141978081?
3, 7, 6760861
What are the prime factors of 78170660?
2, 5, 29, 134777
List the prime factors of 126633039.
3, 13, 109, 29789
What are the prime factors of 216099941?
569, 587, 647
List the prime factors of 805855469.
805855469
What are the prime factors of 2083489144?
2, 11, 23676013
List the prime factors of 283446710.
2, 5, 23, 1232377
What are the prime factors of 490048781?
73, 6712997
List the prime factors of 142087421.
7, 20298203
What are the prime factors of 56028344?
2, 7003543
What are the prime factors of 85916682?
2, 3, 2003, 2383
What are the prime factors of 57599414?
2, 2221, 12967
List the prime factors of 539217905.
5, 5507, 19583
What are the prime factors of 17862064?
2, 11, 101489
List the prime factors of 654809315.
5, 17, 7703639
What are the prime factors of 2884989681?
3, 7, 3407, 13441
List the prime factors of 88609488.
2, 3, 11, 257, 653
List the prime factors of 38194290.
2, 3, 5, 347, 1223
What are the prime factors of 503837774?
2, 11, 151, 151667
List the prime factors of 88690353.
3, 173, 170887
List the prime factors of 55342836.
2, 3, 1537301
What are the prime factors of 432642835?
5, 86528567
List the prime factors of 216193105.
5, 43238621
List the prime factors of 154431442.
2, 11, 7019611
List the prime factors of 71222022.
2, 3, 3956779
List the prime factors of 841134065.
5, 41, 1777, 2309
List the prime factors of 480545594.
2, 53, 4533449
List the prime factors of 182860559.
7, 307, 85091
What are the prime factors of 1022498438?
2, 13, 59, 666557
List the prime factors of 13673116.
2, 3418279
What are the prime factors of 66128111?
7, 9446873
What are the prime factors of 6276949?
7, 53, 2417
What are the prime factors of 1247686704?
2, 3, 11, 23, 1489
List the prime factors of 25517865.
3, 5, 1117, 1523
What are the prime factors of 615148714?
2, 307574357
List the prime factors of 390256292.
2, 743, 131311
What are the prime factors of 203636689?
6701, 30389
What are the prime factors of 643789754?
2, 4153, 77509
List the prime factors of 55712632.
2, 617, 11287
List the prime factors of 1274747537.
7, 182106791
What are the prime factors of 368359819?
151, 251, 9719
List the prime factors of 418984046.
2, 13, 2707, 5953
What are the prime factors of 284551062?
2, 3, 3257, 14561
List the prime factors of 379354047.
3, 103, 1227683
List the prime factors of 39142718.
2, 197, 99347
List the prime factors of 40493869.
13, 23, 135431
List the prime factors of 74319917.
7, 1516733
Li